{"id":2629,"date":"2022-11-01T12:16:49","date_gmt":"2022-11-01T11:16:49","guid":{"rendered":"https:\/\/auto-mesecke.de\/wpress\/?page_id=2629"},"modified":"2022-11-01T12:16:49","modified_gmt":"2022-11-01T11:16:49","slug":"kfz-steuer-2014","status":"publish","type":"page","link":"https:\/\/auto-mesecke.de\/wpress\/kfz-steuer-2014\/","title":{"rendered":"KFZ-Steuer 2014"},"content":{"rendered":"<div class=\"fusion-fullwidth fullwidth-box fusion-builder-row-1 fusion-flex-container has-pattern-background has-mask-background nonhundred-percent-fullwidth non-hundred-percent-height-scrolling\" style=\"--awb-border-radius-top-left:0px;--awb-border-radius-top-right:0px;--awb-border-radius-bottom-right:0px;--awb-border-radius-bottom-left:0px;--awb-flex-wrap:wrap;\" ><div class=\"fusion-builder-row fusion-row fusion-flex-align-items-flex-start fusion-flex-content-wrap\" style=\"max-width:1248px;margin-left: calc(-4% \/ 2 );margin-right: calc(-4% \/ 2 );\"><div class=\"fusion-layout-column fusion_builder_column fusion-builder-column-0 fusion_builder_column_1_1 1_1 fusion-flex-column\" style=\"--awb-bg-size:cover;--awb-width-large:100%;--awb-margin-top-large:0px;--awb-spacing-right-large:1.92%;--awb-margin-bottom-large:20px;--awb-spacing-left-large:1.92%;--awb-width-medium:100%;--awb-order-medium:0;--awb-spacing-right-medium:1.92%;--awb-spacing-left-medium:1.92%;--awb-width-small:100%;--awb-order-small:0;--awb-spacing-right-small:1.92%;--awb-spacing-left-small:1.92%;\"><div class=\"fusion-column-wrapper fusion-column-has-shadow fusion-flex-justify-content-flex-start fusion-content-layout-column\"><div class=\"fusion-text fusion-text-1\"><p><strong>Kfz Steuer 2014 und Kfz Steuerrechner 2014<\/strong><\/p>\n<p>Die Ertr\u00e4ge der<strong>\u00a0Kfz Steuer 2014<\/strong>\u00a0gingen bis zum Jahr 2009 an die Landeskassen, seit Juli 2009 flie\u00dfen die Einnahmen an den Bund, als Anteil des Konjunkturpaketes II. Die Gesetzesvorlagen passen sich kontinuierlich den technischen Neuerungen und \u00dcberlegungen zum Umweltschutz an. Vor 2009 wurde die Kfz Steuer 2014 schadstoffbezogen und unter Ber\u00fccksichtigung der Gr\u00f6\u00dfe des Hubraums berechnet.<\/p>\n<p>Die Abgasnormen zeigen mit ihrer Schadstoffschl\u00fcsselnummer an, wie hoch die Schadstoffklasse ist. Je h\u00f6her die Ziffer, desto sparsamer ist das Fahrzeug. Die Absicht dieser Bemessung war, die Fahrer schadstoffarmer Fahrzeuge finanziell zu entlasten und Autofahrer zu motivieren, eher sparsame Autos anzuschaffen. Aus diesem Grund werden Diesel-Fahrzeuge als Abschreckung steuerlich h\u00f6her eingestuft.<\/p>\n<p>Eine neue EU-Richtlinie machte die Kombination der Schadstoffschl\u00fcsselnummer und der Gr\u00f6\u00dfe des Hubraums sowie zus\u00e4tzlich das Datum der Zulassung zur Berechnung der Kfz Steuer 2014 notwendig. Fahrzeuge, die im Zeitraum vom 05. November 2008 bis zum 30. Juni 2009 zugelassen wurden, profitieren von der neuen Steuerregelung. In diesem Jahr 2013 findet nur noch diese Art der Steuerberechnung Anwendung.<\/p>\n<p>Zum Steuerrechner einfach dem Link\u00a0<a href=\"http:\/\/www.bundesfinanzministerium.de\/Web\/DE\/Service\/Apps_Rechner\/KfzRechner\/KfzRechner.html\"><span style=\"color: #0066cc;\">www.bundesfinanzministerium.de\/Web\/DE\/Service\/Apps_Rechner\/KfzRechner\/KfzRechner.html<\/span><\/a>\u00a0folgen!<\/p>\n<\/div><\/div><\/div><\/div><\/div>\n","protected":false},"excerpt":{"rendered":"","protected":false},"author":1,"featured_media":0,"parent":0,"menu_order":0,"comment_status":"closed","ping_status":"closed","template":"","meta":{"footnotes":""},"class_list":["post-2629","page","type-page","status-publish","hentry"],"jetpack_sharing_enabled":true,"_links":{"self":[{"href":"https:\/\/auto-mesecke.de\/wpress\/wp-json\/wp\/v2\/pages\/2629","targetHints":{"allow":["GET"]}}],"collection":[{"href":"https:\/\/auto-mesecke.de\/wpress\/wp-json\/wp\/v2\/pages"}],"about":[{"href":"https:\/\/auto-mesecke.de\/wpress\/wp-json\/wp\/v2\/types\/page"}],"author":[{"embeddable":true,"href":"https:\/\/auto-mesecke.de\/wpress\/wp-json\/wp\/v2\/users\/1"}],"replies":[{"embeddable":true,"href":"https:\/\/auto-mesecke.de\/wpress\/wp-json\/wp\/v2\/comments?post=2629"}],"version-history":[{"count":2,"href":"https:\/\/auto-mesecke.de\/wpress\/wp-json\/wp\/v2\/pages\/2629\/revisions"}],"predecessor-version":[{"id":2631,"href":"https:\/\/auto-mesecke.de\/wpress\/wp-json\/wp\/v2\/pages\/2629\/revisions\/2631"}],"wp:attachment":[{"href":"https:\/\/auto-mesecke.de\/wpress\/wp-json\/wp\/v2\/media?parent=2629"}],"curies":[{"name":"wp","href":"https:\/\/api.w.org\/{rel}","templated":true}]}}

<div class="fusion-fullwidth fullwidth-box fusion-builder-row-1 fusion-flex-container has-pattern-background has-mask-background nonhundred-percent-fullwidth non-hundred-percent-height-scrolling" style="--awb-border-radius-top-left:0px;--awb-border-radius-top-right:0px;--awb-border-radius-bottom-right:0px;--awb-border-radius-bottom-left:0px;--awb-flex-wrap:wrap;" ><div class="fusion-builder-row fusion-row fusion-flex-align-items-flex-start fusion-flex-content-wrap" style="max-width:1248px;margin-left: calc(-4% / 2 );margin-right: calc(-4% / 2 );"><div class="fusion-layout-column fusion_builder_column fusion-builder-column-0 fusion_builder_column_1_1 1_1 fusion-flex-column" style="--awb-bg-size:cover;--awb-width-large:100%;--awb-margin-top-large:0px;--awb-spacing-right-large:1.92%;--awb-margin-bottom-large:20px;--awb-spacing-left-large:1.92%;--awb-width-medium:100%;--awb-order-medium:0;--awb-spacing-right-medium:1.92%;--awb-spacing-left-medium:1.92%;--awb-width-small:100%;--awb-order-small:0;--awb-spacing-right-small:1.92%;--awb-spacing-left-small:1.92%;"><div class="fusion-column-wrapper fusion-column-has-shadow fusion-flex-justify-content-flex-start fusion-content-layout-column"><div class="fusion-text fusion-text-1"><p><strong>Kfz Steuer 2014 und Kfz Steuerrechner 2014</strong></p>
<p>Die Erträge der<strong> Kfz Steuer 2014</strong> gingen bis zum Jahr 2009 an die Landeskassen, seit Juli 2009 fließen die Einnahmen an den Bund, als Anteil des Konjunkturpaketes II. Die Gesetzesvorlagen passen sich kontinuierlich den technischen Neuerungen und Überlegungen zum Umweltschutz an. Vor 2009 wurde die Kfz Steuer 2014 schadstoffbezogen und unter Berücksichtigung der Größe des Hubraums berechnet.</p>
<p>Die Abgasnormen zeigen mit ihrer Schadstoffschlüsselnummer an, wie hoch die Schadstoffklasse ist. Je höher die Ziffer, desto sparsamer ist das Fahrzeug. Die Absicht dieser Bemessung war, die Fahrer schadstoffarmer Fahrzeuge finanziell zu entlasten und Autofahrer zu motivieren, eher sparsame Autos anzuschaffen. Aus diesem Grund werden Diesel-Fahrzeuge als Abschreckung steuerlich höher eingestuft.</p>
<p>Eine neue EU-Richtlinie machte die Kombination der Schadstoffschlüsselnummer und der Größe des Hubraums sowie zusätzlich das Datum der Zulassung zur Berechnung der Kfz Steuer 2014 notwendig. Fahrzeuge, die im Zeitraum vom 05. November 2008 bis zum 30. Juni 2009 zugelassen wurden, profitieren von der neuen Steuerregelung. In diesem Jahr 2013 findet nur noch diese Art der Steuerberechnung Anwendung.</p>
<p>Zum Steuerrechner einfach dem Link <a href="http://www.bundesfinanzministerium.de/Web/DE/Service/Apps_Rechner/KfzRechner/KfzRechner.html"><span style="color: #0066cc;">www.bundesfinanzministerium.de/Web/DE/Service/Apps_Rechner/KfzRechner/KfzRechner.html</span></a> folgen!</p>
</div></div></div></div></div>
