{"id":2515,"date":"2022-10-27T20:15:31","date_gmt":"2022-10-27T18:15:31","guid":{"rendered":"https:\/\/auto-mesecke.de\/wpress\/?page_id=2515"},"modified":"2022-10-27T20:15:31","modified_gmt":"2022-10-27T18:15:31","slug":"windschutzscheibe","status":"publish","type":"page","link":"https:\/\/auto-mesecke.de\/wpress\/leistungen\/windschutzscheibe\/","title":{"rendered":"Windschutzscheibe"},"content":{"rendered":"<p><b>Erneuerung von Windschutzscheiben<\/b><\/p>\n<p><img decoding=\"async\" class=\"wp-image-2516 size-full alignleft\" src=\"https:\/\/auto-mesecke.de\/wpress\/wp-content\/uploads\/2022\/10\/Scheibenprofi.png\" alt=\"\" width=\"224\" height=\"223\" srcset=\"https:\/\/auto-mesecke.de\/wpress\/wp-content\/uploads\/2022\/10\/Scheibenprofi-66x66.png 66w, https:\/\/auto-mesecke.de\/wpress\/wp-content\/uploads\/2022\/10\/Scheibenprofi-150x150.png 150w, https:\/\/auto-mesecke.de\/wpress\/wp-content\/uploads\/2022\/10\/Scheibenprofi-200x200.png 200w, https:\/\/auto-mesecke.de\/wpress\/wp-content\/uploads\/2022\/10\/Scheibenprofi.png 224w\" sizes=\"(max-width: 224px) 100vw, 224px\" \/><\/p>\n<p>Oftmals h\u00f6rt und sieht man in diversen Medien, Anzeigen von Firmen die Steinschl\u00e4ge reparieren. Sicher kann das eine L\u00f6sung sein, aber kennen Sie sich denn\u00a0<b>wirklich<\/b>\u00a0aus, was in so einem Fall von Ihrer Versicherung \u00fcbernommen wird? Haben Sie zum Beispiel eine Teilkasko-Versicherung sind Glassch\u00e4den in Ihrem Tarif mit inbegriffen. Demnach ist es v\u00f6llig egal ob Sie einen Steinschlag reparieren lassen, oder ob Sie sich zu einer neuen Scheibe entschlie\u00dfen, die Versicherung \u00fcbernimmt die Kosten!<\/p>\n<p>Daher ist in diesem Bereich das\u00a0<b>Konzept \u201eScheiben-Profi\u201c<\/b>\u00a0wohl das was man \u00fcber unsere Firma sagen kann! Auch in diesem Sektor blicken wir auf einen gro\u00dfen Erfahrungsschatz zur\u00fcck, wenn es um erneute Windschutzscheiben geht. Fabrikate aller Art bekommen bei uns eine neue Scheibe, wenn es die Situation erfordert.<\/p>\n","protected":false},"excerpt":{"rendered":"<p>Erneuerung von Windschutzscheiben Oftmals h\u00f6rt und sieht man in diversen  [&#8230;]<\/p>\n","protected":false},"author":1,"featured_media":0,"parent":2373,"menu_order":0,"comment_status":"closed","ping_status":"closed","template":"","meta":{"footnotes":""},"class_list":["post-2515","page","type-page","status-publish","hentry"],"jetpack_sharing_enabled":true,"_links":{"self":[{"href":"https:\/\/auto-mesecke.de\/wpress\/wp-json\/wp\/v2\/pages\/2515","targetHints":{"allow":["GET"]}}],"collection":[{"href":"https:\/\/auto-mesecke.de\/wpress\/wp-json\/wp\/v2\/pages"}],"about":[{"href":"https:\/\/auto-mesecke.de\/wpress\/wp-json\/wp\/v2\/types\/page"}],"author":[{"embeddable":true,"href":"https:\/\/auto-mesecke.de\/wpress\/wp-json\/wp\/v2\/users\/1"}],"replies":[{"embeddable":true,"href":"https:\/\/auto-mesecke.de\/wpress\/wp-json\/wp\/v2\/comments?post=2515"}],"version-history":[{"count":1,"href":"https:\/\/auto-mesecke.de\/wpress\/wp-json\/wp\/v2\/pages\/2515\/revisions"}],"predecessor-version":[{"id":2517,"href":"https:\/\/auto-mesecke.de\/wpress\/wp-json\/wp\/v2\/pages\/2515\/revisions\/2517"}],"up":[{"embeddable":true,"href":"https:\/\/auto-mesecke.de\/wpress\/wp-json\/wp\/v2\/pages\/2373"}],"wp:attachment":[{"href":"https:\/\/auto-mesecke.de\/wpress\/wp-json\/wp\/v2\/media?parent=2515"}],"curies":[{"name":"wp","href":"https:\/\/api.w.org\/{rel}","templated":true}]}}